of 102 and 3?
3
Calculate the greatest common divisor of 1456 and 5200.
208
Calculate the highest common divisor of 76782 and 402.
402
What is the highest common divisor of 48 and 168?
24
What is the greatest common divisor of 3376 and 16?
16
Calculate the highest common divisor of 160 and 10.
10
Calculate the greatest common divisor of 104 and 72.
8
What is the greatest common divisor of 119 and 102?
17
Calculate the greatest common factor of 4064 and 64.
32
Calculate the highest common factor of 240 and 330.
30
Calculate the highest common factor of 117 and 279.
9
What is the highest common factor of 1053 and 585?
117
What is the highest common factor of 145 and 125?
5
Calculate the highest common factor of 144 and 234.
18
Calculate the highest common factor of 897 and 78.
39
What is the highest common factor of 76 and 272?
4
Calculate the highest common factor of 65 and 3185.
65
Calculate the greatest common divisor of 238 and 518.
14
Calculate the greatest common factor of 51 and 1258.
17
Calculate the highest common divisor of 165 and 8283.
33
What is the greatest common divisor of 865 and 25?
5
Calculate the greatest common divisor of 363 and 6.
3
Calculate the greatest common divisor of 2527 and 7.
7
What is the greatest common divisor of 2644 and 4?
4
Calculate the greatest common factor of 220 and 180.
20
Calculate the greatest common factor of 252 and 4914.
126
Calculate the greatest common factor of 1050 and 42.
42
Calculate the greatest common factor of 1320 and 40.
40
Calculate the greatest common factor of 12 and 76.
4
What is the highest common factor of 12700 and 100?
100
Calculate the highest common divisor of 20 and 6400.
20
Calculate the greatest common factor of 41 and 10.
1
Calculate the highest common divisor of 12 and 672.
12
Calculate the highest common divisor of 1989 and 4437.
153
Calculate the greatest common divisor of 300 and 800.
100
What is the greatest common factor of 54 and 162?
54
What is the greatest common divisor of 126 and 16072?
14
What is the greatest common factor of 8446 and 206?
206
Calculate the highest common divisor of 110 and 25.
5
What is the highest common divisor of 3053 and 71?
71
What is the greatest common divisor of 63 and 98?
7
What is the greatest common factor of 21 and 217?
7
Calculate the highest common divisor of 17 and 10285.
17
Calculate the highest common factor of 142 and 1278.
142
What is the greatest common factor of 91 and 63?
7
Calculate the greatest common factor of 7 and 13.
1
Calculate the highest common factor of 7 and 7861.
7
Calculate the highest common factor of 300 and 360.
60
Calculate the highest common divisor of 10 and 4530.
10
What is the highest common divisor of 27 and 45?
9
Calculate the greatest common factor of 27370 and 680.
170
Calculate the greatest common factor of 4758 and 26.
26
What is the greatest common factor of 156 and 1131?
39
Calculate the greatest common divisor of 7488 and 273.
39
Calculate the highest common divisor of 1548 and 360.
36
What is the greatest common divisor of 120 and 192?
24
What is the greatest common factor of 48326 and 73?
73
What is the highest common factor of 192 and 64?
64
Calculate the greatest common factor of 986 and 1088.
34
Calculate the greatest common divisor of 7 and 2331.
7
What is the greatest common factor of 136 and 578?
34
What is the highest common factor of 342 and 144?
18
Calculate the highest common divisor of 222 and 592.
74
What is the highest common factor of 34 and 493?
17
What is the highest common factor of 3373 and 1?
1
Calculate the highest common factor of 28 and 55804.
28
Calculate the highest common factor of 850 and 34.
34
Calculate the greatest common factor of 288 and 207.
9
What is the highest common divisor of 475 and 38?
19
What is the greatest common factor of 4 and 53?
1
What is the highest common factor of 10 and 55?
5
What is the highest common divisor of 23436 and 930?
186
What is the greatest common factor of 3872 and 121?
121
Calculate the greatest common divisor of 2265 and 12.
3
Calculate the highest common divisor of 473 and 33.
11
Calculate the greatest common divisor of 120 and 1120.
40
What is the greatest common divisor of 69 and 552?
69
Calculate the greatest common factor of 39 and 174915.
39
What is the highest common factor of 55 and 1430?
55
Calculate the greatest common factor of 40 and 2056.
8
Calculate the greatest common divisor of 224 and 16.
16
Calculate the greatest common divisor of 920 and 480.
40
Calculate the greatest common factor of 748 and 952.
68
What is the highest common divisor of 160 and 944?
16
Calculate the highest common factor of 481 and 111.
37
What is the greatest common factor of 102 and 1717?
17
Calculate the highest common factor of 100 and 430.
10
What is the greatest common factor of 42 and 224?
14
Calculate the highest common divisor of 6252 and 24.
12
Calculate the greatest common factor of 1308 and 1104.
12
What is the greatest common factor of 50 and 320?
10
What is the greatest common divisor of 171 and 1467?
9
What is the highest common divisor of 56 and 7776?
8
Calculate the greatest common divisor of 802 and 22.
2
What is the greatest common factor of 77 and 315?
7
Calculate the highest common factor of 234 and 91.
13
Calculate the highest common factor of 9600 and 512.
128
What is the greatest common divisor of 14 and 9366?
14
Calculate the highest common factor of 182 and 338.
26
What is the highest common divisor of 1473 and 3?
3
Calculate the highest common divisor of 14406 and 392.
98
Calculate the greatest common divisor of 17 and 85.
17
What is the greatest common divisor of 138 and 2438?
46
Calculate the highest common factor of 660 and 60.
60
What is the highest common factor of 3 and 25?
1
What is the highest common factor of 140 and 40?
20
Calculate the greatest common factor of 824 and 32.
8
Calculate the highest common factor of 11 and 8888.
11
Calculate the highest common factor of 469 and 7.
7
Calculate the highest common divisor of 623 and 28.
7
Calculate the highest common divisor of 58 and 5626.
58
What is the greatest common divisor of 4240 and 240?
80
What is the highest common divisor of 114 and 7239?
57
Calculate the greatest common divisor of 3 and 5.
1
Calculate the greatest common divisor of 150 and 175.
25
What is the greatest common divisor of 111 and 407?
37
What is the highest common divisor of 4 and 300?
4
What is the highest common factor of 17 and 2669?
17
What is the highest common divisor of 42 and 714?
42
What is the highest common factor of 117 and 2600?
13
Calculate the greatest common divisor of 60 and 324.
12
What is the greatest common divisor of 87 and 435?
87
Calculate the highest common factor of 75 and 57.
3
Calculate the greatest common divisor of 120 and 40.
40
Calculate the greatest common divisor of 1232 and 896.
112
Calculate the highest common divisor of 7 and 175.
7
What is the highest common factor of 497 and 1?
1
What is the highest common factor of 41 and 533?
41
Calculate the highest common factor of 78 and 1131.
39
What is the greatest common divisor of 27349 and 7?
7
What is the highest common divisor of 706 and 2?
2
What is the highest common divisor of 56 and 546?
14
What is the greatest common factor of 4 and 36?
4
Calculate the greatest common divisor of 159 and 159.
159
What is the greatest common divisor of 672 and 288?
96
What is the greatest common divisor of 85 and 10?
5
What is the greatest common factor of 62 and 2294?
62
Calculate the highest common factor of 56 and 42.
14
Calculate the highest common factor of 1513 and 136.
17
What is the greatest common divisor of 40 and 12?
4
Calculate the highest common factor of 4408 and 72.
8
What is the greatest common divisor of 63 and 1719?
9
What is the greatest common factor of 186 and 3410?
62
Calculate the highest common factor of 10 and 5800.
10
What is the greatest common divisor of 123 and 16605?
123
Calculate the greatest common factor of 177 and 826.
59
What is the greatest common factor of 20 and 6740?
20
Calculate the greatest common factor of 21 and 1659.
21
Calculate the highest common divisor of 152 and 32.
8
What is the greatest common factor of 142 and 994?
142
What is the greatest common divisor of 1